{"id":6382,"date":"2020-01-20T13:33:40","date_gmt":"2020-01-20T12:33:40","guid":{"rendered":"https:\/\/innohub13.de\/?post_type=tribe_events&#038;p=6382"},"modified":"2020-08-10T11:32:53","modified_gmt":"2020-08-10T09:32:53","slug":"mittelstaendischer-metalltag-2020","status":"publish","type":"tribe_events","link":"https:\/\/innohub13.de\/en\/event\/mittelstaendischer-metalltag-2020\/","title":{"rendered":"4. Mittelst\u00e4ndischer Metalltag"},"content":{"rendered":"<p><strong>Wandel durch Innovation<\/strong><\/p>\n<p>Gemeinsam mit dem BVMW, der Wirtschaftsf\u00f6rderung Schwedt, der ICU GmbH und dem UV-Uckermark l\u00e4dt das Netzwerk Leichtbau Metall Brandenburg herzlich am 08. Juni 2021 zum Mittelst\u00e4ndischen Metalltag nach Schwedt\/Oder ein.<\/p>\n<p>Unsere Leichtbauscouts werden mit einem eigenen Stand auf der Messe pr\u00e4sent sein &#8211; besuchen Sie uns!<\/p>\n<p>Der Metalltag setzt neue Impulse f\u00fcr die Gestaltung des wirtschaftlichen Wandels in der Metallbranche. Vor allem der fortschreitende Wandel gesellschaftlicher und betrieblicher Altersstrukturen, die Digitalisierung und Automatisierung sowie Entwicklungen hin zu einer nachhaltigeren Wirtschaft (u.a. Energiewende, E-Mobilit\u00e4t) setzen in der Metallindustrie die Rahmenbedingungen f\u00fcr die kommenden Jahre. Unternehmen sind gefordert, diesen Ver\u00e4nderungsprozessen, auch unter den ersten Vorzeichen einer abflauenden Konjunkturlage, proaktiv durch Innovationen sowohl in den technischen, als auch gleichzeitig in den organisatorischen Bereichen zu begegnen.<\/p>\n<p>Hier setzt der 4. Mittelst\u00e4ndische Metalltag unter dem Motto \u201eWandel durch Innovation\u201c an: Er gibt Impulse und Ideen, veranschaulicht erfolgreiche Beispiele und er\u00f6ffnet ausreichend M\u00f6glichkeiten zum Austausch und zur Vernetzung.<\/p>\n<p>Die Unternehmen sind gefordert, diesen Ver\u00e4nderungsprozessen &#8211; insbesondere unter den Bedingungen einer abflauenden Konjunktur &#8211; proaktiv durch Innovationen sowohl in den technischen, aber auch den organisatorischen Bereichen zu begegnen. Hier setzt der Mittelst\u00e4ndische Metalltag an, gibt Impulse und Ideen, veranschaulicht erfolgreiche Beispiele und vermittelt vielf\u00e4ltige M\u00f6glichkeiten zum Austausch und zur Vernetzung.<\/p>\n<p><a title=\"Weitere Informationen und Anmeldung\" href=\"https:\/\/www.leichtbau-bb.de\/events\/mittelstaendischer-metalltag-2020-wandel-durch-innovation\/\" target=\"_blank\" rel=\"noopener noreferrer\">Weitere Informationen und Anmeldung<\/a><\/p>\n","protected":false},"excerpt":{"rendered":"<p>Wandel durch Innovation Gemeinsam mit dem BVMW, der Wirtschaftsf\u00f6rderung Schwedt, der ICU GmbH und dem UV-Uckermark l\u00e4dt das Netzwerk Leichtbau Metall Brandenburg herzlich am 08. Juni 2021 zum Mittelst\u00e4ndischen Metalltag [&hellip;]<\/p>\n","protected":false},"author":26,"featured_media":0,"comment_status":"closed","ping_status":"closed","template":"","meta":{"_et_pb_use_builder":"","_et_pb_old_content":"","_et_gb_content_width":"","_tribe_events_status":"","_tribe_events_status_reason":""},"tags":[],"tribe_events_cat":[],"_links":{"self":[{"href":"https:\/\/innohub13.de\/en\/wp-json\/wp\/v2\/tribe_events\/6382"}],"collection":[{"href":"https:\/\/innohub13.de\/en\/wp-json\/wp\/v2\/tribe_events"}],"about":[{"href":"https:\/\/innohub13.de\/en\/wp-json\/wp\/v2\/types\/tribe_events"}],"author":[{"embeddable":true,"href":"https:\/\/innohub13.de\/en\/wp-json\/wp\/v2\/users\/26"}],"replies":[{"embeddable":true,"href":"https:\/\/innohub13.de\/en\/wp-json\/wp\/v2\/comments?post=6382"}],"version-history":[{"count":8,"href":"https:\/\/innohub13.de\/en\/wp-json\/wp\/v2\/tribe_events\/6382\/revisions"}],"predecessor-version":[{"id":6682,"href":"https:\/\/innohub13.de\/en\/wp-json\/wp\/v2\/tribe_events\/6382\/revisions\/6682"}],"wp:attachment":[{"href":"https:\/\/innohub13.de\/en\/wp-json\/wp\/v2\/media?parent=6382"}],"wp:term":[{"taxonomy":"post_tag","embeddable":true,"href":"https:\/\/innohub13.de\/en\/wp-json\/wp\/v2\/tags?post=6382"},{"taxonomy":"tribe_events_cat","embeddable":true,"href":"https:\/\/innohub13.de\/en\/wp-json\/wp\/v2\/tribe_events_cat?post=6382"}],"curies":[{"name":"wp","href":"https:\/\/api.w.org\/{rel}","templated":true}]}}

4. Mittelständischer Metalltag

<p><strong>Wandel durch Innovation</strong></p>
<p>Gemeinsam mit dem BVMW, der Wirtschaftsförderung Schwedt, der ICU GmbH und dem UV-Uckermark lädt das Netzwerk Leichtbau Metall Brandenburg herzlich am 08. Juni 2021 zum Mittelständischen Metalltag nach Schwedt/Oder ein.</p>
<p>Unsere Leichtbauscouts werden mit einem eigenen Stand auf der Messe präsent sein &#8211; besuchen Sie uns!</p>
<p>Der Metalltag setzt neue Impulse für die Gestaltung des wirtschaftlichen Wandels in der Metallbranche. Vor allem der fortschreitende Wandel gesellschaftlicher und betrieblicher Altersstrukturen, die Digitalisierung und Automatisierung sowie Entwicklungen hin zu einer nachhaltigeren Wirtschaft (u.a. Energiewende, E-Mobilität) setzen in der Metallindustrie die Rahmenbedingungen für die kommenden Jahre. Unternehmen sind gefordert, diesen Veränderungsprozessen, auch unter den ersten Vorzeichen einer abflauenden Konjunkturlage, proaktiv durch Innovationen sowohl in den technischen, als auch gleichzeitig in den organisatorischen Bereichen zu begegnen.</p>
<p>Hier setzt der 4. Mittelständische Metalltag unter dem Motto „Wandel durch Innovation“ an: Er gibt Impulse und Ideen, veranschaulicht erfolgreiche Beispiele und eröffnet ausreichend Möglichkeiten zum Austausch und zur Vernetzung.</p>
<p>Die Unternehmen sind gefordert, diesen Veränderungsprozessen &#8211; insbesondere unter den Bedingungen einer abflauenden Konjunktur &#8211; proaktiv durch Innovationen sowohl in den technischen, aber auch den organisatorischen Bereichen zu begegnen. Hier setzt der Mittelständische Metalltag an, gibt Impulse und Ideen, veranschaulicht erfolgreiche Beispiele und vermittelt vielfältige Möglichkeiten zum Austausch und zur Vernetzung.</p>
<p><a title="Weitere Informationen und Anmeldung" href="https://www.leichtbau-bb.de/events/mittelstaendischer-metalltag-2020-wandel-durch-innovation/" target="_blank" rel="noopener noreferrer">Weitere Informationen und Anmeldung</a></p>

<p>Wandel durch Innovation Gemeinsam mit dem BVMW, der Wirtschaftsförderung Schwedt, der ICU GmbH und dem UV-Uckermark lädt das Netzwerk Leichtbau Metall Brandenburg herzlich am 08. Juni 2021 zum Mittelständischen Metalltag [&hellip;]</p>
