{"id":4094,"date":"2019-05-20T09:49:27","date_gmt":"2019-05-20T07:49:27","guid":{"rendered":"https:\/\/innohub13.de\/?post_type=tribe_events&#038;p=4094"},"modified":"2019-05-20T09:49:27","modified_gmt":"2019-05-20T07:49:27","slug":"21-brandenburger-energietag","status":"publish","type":"tribe_events","link":"https:\/\/innohub13.de\/en\/event\/21-brandenburger-energietag\/","title":{"rendered":"21. Brandenburger Energietag"},"content":{"rendered":"<p>Am 24.Mai findet der Brandenburger Energietag zu den Themen Sektorenkopplung, Verkehrswende und Energie f\u00fcr den Strukturwandel statt.<\/p>\n<p>Au\u00dferdem wird der Energieeffizienzpreis des Ministeriums f\u00fcr Wirtschaft und Energie und der Landesgruppe Berlin\/Brandenburg des Verbandes kommunaler Unternehmen verliehen.<\/p>\n<p><span id=\"ctl00_ContentPH_l_text\">Ausgerichtet wird der Energietag vom Ministerium f\u00fcr Wirtschaft und Energie des Landes Brandenburg in Kooperation mit der IHK Cottbus und weiteren regionalen Partnern.<br \/>\nZusammen mit Wirtschafts- und Energieminister J\u00f6rg Steinbach werden Vertreter aus Politik, Verwaltung, Wirtschaft und Wissenschaft \u00fcber aktuelle energiepolitische Fragen diskutieren.\u00a0<\/span><\/p>\n<a href='https:\/\/echo.iit.tu-cottbus.de\/energietag\/(S(qww1iyqayqk3qgf4nmcx4m1q))\/user\/varseite.aspx?id=1039' class='small-button smallsilver' target=\"_blank\">Weitere Informationen<\/a>\n","protected":false},"excerpt":{"rendered":"<p>Am 24.Mai findet der Brandenburger Energietag zu den Themen Sektorenkopplung, Verkehrswende und Energie f\u00fcr den Strukturwandel statt. Au\u00dferdem wird der Energieeffizienzpreis des Ministeriums f\u00fcr Wirtschaft und Energie und der Landesgruppe [&hellip;]<\/p>\n","protected":false},"author":6,"featured_media":0,"comment_status":"closed","ping_status":"closed","template":"","meta":{"_et_pb_use_builder":"","_et_pb_old_content":"","_et_gb_content_width":"","_tribe_events_status":"","_tribe_events_status_reason":""},"tags":[],"tribe_events_cat":[],"_links":{"self":[{"href":"https:\/\/innohub13.de\/en\/wp-json\/wp\/v2\/tribe_events\/4094"}],"collection":[{"href":"https:\/\/innohub13.de\/en\/wp-json\/wp\/v2\/tribe_events"}],"about":[{"href":"https:\/\/innohub13.de\/en\/wp-json\/wp\/v2\/types\/tribe_events"}],"author":[{"embeddable":true,"href":"https:\/\/innohub13.de\/en\/wp-json\/wp\/v2\/users\/6"}],"replies":[{"embeddable":true,"href":"https:\/\/innohub13.de\/en\/wp-json\/wp\/v2\/comments?post=4094"}],"version-history":[{"count":2,"href":"https:\/\/innohub13.de\/en\/wp-json\/wp\/v2\/tribe_events\/4094\/revisions"}],"predecessor-version":[{"id":4097,"href":"https:\/\/innohub13.de\/en\/wp-json\/wp\/v2\/tribe_events\/4094\/revisions\/4097"}],"wp:attachment":[{"href":"https:\/\/innohub13.de\/en\/wp-json\/wp\/v2\/media?parent=4094"}],"wp:term":[{"taxonomy":"post_tag","embeddable":true,"href":"https:\/\/innohub13.de\/en\/wp-json\/wp\/v2\/tags?post=4094"},{"taxonomy":"tribe_events_cat","embeddable":true,"href":"https:\/\/innohub13.de\/en\/wp-json\/wp\/v2\/tribe_events_cat?post=4094"}],"curies":[{"name":"wp","href":"https:\/\/api.w.org\/{rel}","templated":true}]}}

<p>Am 24.Mai findet der Brandenburger Energietag zu den Themen Sektorenkopplung, Verkehrswende und Energie für den Strukturwandel statt.</p>
<p>Außerdem wird der Energieeffizienzpreis des Ministeriums für Wirtschaft und Energie und der Landesgruppe Berlin/Brandenburg des Verbandes kommunaler Unternehmen verliehen.</p>
<p><span id="ctl00_ContentPH_l_text">Ausgerichtet wird der Energietag vom Ministerium für Wirtschaft und Energie des Landes Brandenburg in Kooperation mit der IHK Cottbus und weiteren regionalen Partnern.<br />
Zusammen mit Wirtschafts- und Energieminister Jörg Steinbach werden Vertreter aus Politik, Verwaltung, Wirtschaft und Wissenschaft über aktuelle energiepolitische Fragen diskutieren. </span></p>
<a href='https://echo.iit.tu-cottbus.de/energietag/(S(qww1iyqayqk3qgf4nmcx4m1q))/user/varseite.aspx?id=1039' class='small-button smallsilver' target="_blank">Weitere Informationen</a>

<p>Am 24.Mai findet der Brandenburger Energietag zu den Themen Sektorenkopplung, Verkehrswende und Energie für den Strukturwandel statt. Außerdem wird der Energieeffizienzpreis des Ministeriums für Wirtschaft und Energie und der Landesgruppe [&hellip;]</p>
