{"id":23149,"date":"2022-02-16T13:12:38","date_gmt":"2022-02-16T12:12:38","guid":{"rendered":"https:\/\/innohub13.de\/?post_type=tribe_events&#038;p=23149"},"modified":"2022-02-16T13:12:38","modified_gmt":"2022-02-16T12:12:38","slug":"ki-verstaendlich-ki-in-der-pflege","status":"publish","type":"tribe_events","link":"https:\/\/innohub13.de\/en\/event\/ki-verstaendlich-ki-in-der-pflege\/","title":{"rendered":"KI Verst\u00e4ndlich: KI in der Pflege"},"content":{"rendered":"<p class=\"text-justify\">Die <strong>11. Wissenschaftswoche der TH Wildau<\/strong> findet unter dem Motto &#8222;Forschen. Anwenden. Begreifen.&#8220; vom 07. bis 11. M\u00e4rz 2022 wieder #digital statt. Pr\u00e4sentiert werden Forschungs- und Transferaktivit\u00e4ten der TH Wildau in Konferenzen, Symposien, Fachtagungen und Workshops, die den aktuellen Stand angewandter und grundlagennaher Forschung zu relevanten Themen unserer Zeit zeigen. Virtuelle Laborrundg\u00e4nge und eine digitale Posterausstellung erm\u00f6glichen weitere Einblicke in die wissenschaftlichen Kompetenzfelder der TH Wildau. Die Wissenschaftswoche richtet sich sowohl an Fachpublikum als auch an die interessierte \u00d6ffentlichkeit.<\/p>\n<div class=\"wrap-inner\">\n<div class=\"grid-m-12 grid-s-12\">\n<p><span dir=\"ltr\" role=\"presentation\">Die <strong>TH Wildau<\/strong> und der <strong>Innovation Hub 13<\/strong> laden zur <\/span><span dir=\"ltr\" role=\"presentation\">sechsten Abendveranstaltung der Themenreihe <\/span><span dir=\"ltr\" role=\"presentation\"><strong>\u201eK\u00fcnstliche Intelligenz \u2192 verst\u00e4ndlich\u201c<\/strong> ein. <\/span><span dir=\"ltr\" role=\"presentation\">In unserer alternden Gesellschaft setzen sich immer <\/span><span dir=\"ltr\" role=\"presentation\">mehr Menschen mit dem Thema Pflege auseinander. <\/span><span dir=\"ltr\" role=\"presentation\">Dabei gibt es unterschiedlichste Herausforderun<\/span><span dir=\"ltr\" role=\"presentation\">gen, die bew\u00e4ltigt werden wollen. Sei es der Mangel <\/span><span dir=\"ltr\" role=\"presentation\">an Pflegefachkr\u00e4ften oder der Wunsch nach mehr <\/span><span dir=\"ltr\" role=\"presentation\">Selbstst\u00e4ndigkeit in den eigenen vier W\u00e4nden. <\/span><span dir=\"ltr\" role=\"presentation\">Gleichzeitig werden Technologien immer leistungsf\u00e4<\/span><span dir=\"ltr\" role=\"presentation\">higer und kosteng\u00fcnstiger. Wir stellen Beispiele aus <\/span><span dir=\"ltr\" role=\"presentation\">der Region vor, wie Roboter und Assistenztechnolo<\/span><span dir=\"ltr\" role=\"presentation\">gien, die den Alltag von Pflegenden und Gepflegten <\/span><span dir=\"ltr\" role=\"presentation\">k\u00fcnftig erleichtern k\u00f6nnten.<\/span><\/p>\n<p><span dir=\"ltr\" role=\"presentation\">Im Rahmen der Veranstaltung geht es darum, <\/span><span dir=\"ltr\" role=\"presentation\">K\u00fcnstliche Intelligenz verst\u00e4ndlich zu machen <\/span><span dir=\"ltr\" role=\"presentation\">und Wissen zu teilen. <\/span><span dir=\"ltr\" role=\"presentation\">Wir m\u00f6chten \u00fcber M\u00f6glichkeiten, Vorteile und <\/span><span dir=\"ltr\" role=\"presentation\">Vorbehalte diskutieren, Ihre Fragen beantworten <\/span><span dir=\"ltr\" role=\"presentation\">und Impulse mitnehmen.<\/span><\/p>\n<p><span dir=\"ltr\" role=\"presentation\">Die Veranstaltung ist kostenfrei und richtet sich an alle, <\/span><span dir=\"ltr\" role=\"presentation\">die Interesse an dem Thema K\u00fcnstliche <\/span><span dir=\"ltr\" role=\"presentation\">Intelligenz mitbringen \u2013 egal ob Sie <\/span><span dir=\"ltr\" role=\"presentation\">neugierig sind und Ihr Verst\u00e4ndnis <\/span><span dir=\"ltr\" role=\"presentation\">f\u00fcr KI sch\u00e4rfen wollen oder ob Sie <\/span><span dir=\"ltr\" role=\"presentation\">Fragen haben und mit uns ins Gespr\u00e4ch <\/span><span dir=\"ltr\" role=\"presentation\">kommen m\u00f6chten.<\/span><\/p>\n<a href='https:\/\/www.th-wildau.de\/wildauer-netzwerk-kuenstliche-intelligenz\/veranstaltungsreihe-ki-verstaendlich\/ki-in-der-pflege-am-09-maerz-2022\/' class='small-button smallblue' target=\"_blank\">Programm &amp; Anmeldung<\/a>\n<\/div>\n<\/div>\n","protected":false},"excerpt":{"rendered":"<p>Die 11. Wissenschaftswoche der TH Wildau findet unter dem Motto &#8222;Forschen. Anwenden. Begreifen.&#8220; vom 07. bis 11. M\u00e4rz 2022 wieder #digital statt. Pr\u00e4sentiert werden Forschungs- und Transferaktivit\u00e4ten der TH Wildau [&hellip;]<\/p>\n","protected":false},"author":7,"featured_media":0,"comment_status":"closed","ping_status":"closed","template":"","meta":{"_et_pb_use_builder":"","_et_pb_old_content":"","_et_gb_content_width":"","_tribe_events_status":"","_tribe_events_status_reason":""},"tags":[],"tribe_events_cat":[],"_links":{"self":[{"href":"https:\/\/innohub13.de\/en\/wp-json\/wp\/v2\/tribe_events\/23149"}],"collection":[{"href":"https:\/\/innohub13.de\/en\/wp-json\/wp\/v2\/tribe_events"}],"about":[{"href":"https:\/\/innohub13.de\/en\/wp-json\/wp\/v2\/types\/tribe_events"}],"author":[{"embeddable":true,"href":"https:\/\/innohub13.de\/en\/wp-json\/wp\/v2\/users\/7"}],"replies":[{"embeddable":true,"href":"https:\/\/innohub13.de\/en\/wp-json\/wp\/v2\/comments?post=23149"}],"version-history":[{"count":1,"href":"https:\/\/innohub13.de\/en\/wp-json\/wp\/v2\/tribe_events\/23149\/revisions"}],"predecessor-version":[{"id":23150,"href":"https:\/\/innohub13.de\/en\/wp-json\/wp\/v2\/tribe_events\/23149\/revisions\/23150"}],"wp:attachment":[{"href":"https:\/\/innohub13.de\/en\/wp-json\/wp\/v2\/media?parent=23149"}],"wp:term":[{"taxonomy":"post_tag","embeddable":true,"href":"https:\/\/innohub13.de\/en\/wp-json\/wp\/v2\/tags?post=23149"},{"taxonomy":"tribe_events_cat","embeddable":true,"href":"https:\/\/innohub13.de\/en\/wp-json\/wp\/v2\/tribe_events_cat?post=23149"}],"curies":[{"name":"wp","href":"https:\/\/api.w.org\/{rel}","templated":true}]}}

KI Verständlich: KI in der Pflege

<p class="text-justify">Die <strong>11. Wissenschaftswoche der TH Wildau</strong> findet unter dem Motto &#8222;Forschen. Anwenden. Begreifen.&#8220; vom 07. bis 11. März 2022 wieder #digital statt. Präsentiert werden Forschungs- und Transferaktivitäten der TH Wildau in Konferenzen, Symposien, Fachtagungen und Workshops, die den aktuellen Stand angewandter und grundlagennaher Forschung zu relevanten Themen unserer Zeit zeigen. Virtuelle Laborrundgänge und eine digitale Posterausstellung ermöglichen weitere Einblicke in die wissenschaftlichen Kompetenzfelder der TH Wildau. Die Wissenschaftswoche richtet sich sowohl an Fachpublikum als auch an die interessierte Öffentlichkeit.</p>
<div class="wrap-inner">
<div class="grid-m-12 grid-s-12">
<p><span dir="ltr" role="presentation">Die <strong>TH Wildau</strong> und der <strong>Innovation Hub 13</strong> laden zur </span><span dir="ltr" role="presentation">sechsten Abendveranstaltung der Themenreihe </span><span dir="ltr" role="presentation"><strong>„Künstliche Intelligenz → verständlich“</strong> ein. </span><span dir="ltr" role="presentation">In unserer alternden Gesellschaft setzen sich immer </span><span dir="ltr" role="presentation">mehr Menschen mit dem Thema Pflege auseinander. </span><span dir="ltr" role="presentation">Dabei gibt es unterschiedlichste Herausforderun</span><span dir="ltr" role="presentation">gen, die bewältigt werden wollen. Sei es der Mangel </span><span dir="ltr" role="presentation">an Pflegefachkräften oder der Wunsch nach mehr </span><span dir="ltr" role="presentation">Selbstständigkeit in den eigenen vier Wänden. </span><span dir="ltr" role="presentation">Gleichzeitig werden Technologien immer leistungsfä</span><span dir="ltr" role="presentation">higer und kostengünstiger. Wir stellen Beispiele aus </span><span dir="ltr" role="presentation">der Region vor, wie Roboter und Assistenztechnolo</span><span dir="ltr" role="presentation">gien, die den Alltag von Pflegenden und Gepflegten </span><span dir="ltr" role="presentation">künftig erleichtern könnten.</span></p>
<p><span dir="ltr" role="presentation">Im Rahmen der Veranstaltung geht es darum, </span><span dir="ltr" role="presentation">Künstliche Intelligenz verständlich zu machen </span><span dir="ltr" role="presentation">und Wissen zu teilen. </span><span dir="ltr" role="presentation">Wir möchten über Möglichkeiten, Vorteile und </span><span dir="ltr" role="presentation">Vorbehalte diskutieren, Ihre Fragen beantworten </span><span dir="ltr" role="presentation">und Impulse mitnehmen.</span></p>
<p><span dir="ltr" role="presentation">Die Veranstaltung ist kostenfrei und richtet sich an alle, </span><span dir="ltr" role="presentation">die Interesse an dem Thema Künstliche </span><span dir="ltr" role="presentation">Intelligenz mitbringen – egal ob Sie </span><span dir="ltr" role="presentation">neugierig sind und Ihr Verständnis </span><span dir="ltr" role="presentation">für KI schärfen wollen oder ob Sie </span><span dir="ltr" role="presentation">Fragen haben und mit uns ins Gespräch </span><span dir="ltr" role="presentation">kommen möchten.</span></p>
<a href='https://www.th-wildau.de/wildauer-netzwerk-kuenstliche-intelligenz/veranstaltungsreihe-ki-verstaendlich/ki-in-der-pflege-am-09-maerz-2022/' class='small-button smallblue' target="_blank">Programm &amp; Anmeldung</a>
</div>
</div>

<p>Die 11. Wissenschaftswoche der TH Wildau findet unter dem Motto &#8222;Forschen. Anwenden. Begreifen.&#8220; vom 07. bis 11. März 2022 wieder #digital statt. Präsentiert werden Forschungs- und Transferaktivitäten der TH Wildau [&hellip;]</p>
