{"id":20113,"date":"2021-10-01T13:43:49","date_gmt":"2021-10-01T11:43:49","guid":{"rendered":"https:\/\/innohub13.de\/?post_type=tribe_events&#038;p=20113"},"modified":"2021-10-01T13:43:49","modified_gmt":"2021-10-01T11:43:49","slug":"save-the-date-clusterkonferenz-energietechnik-berlin-brandenburg","status":"publish","type":"tribe_events","link":"https:\/\/innohub13.de\/en\/event\/save-the-date-clusterkonferenz-energietechnik-berlin-brandenburg\/","title":{"rendered":"Save the Date! Clusterkonferenz Energietechnik Berlin-Brandenburg"},"content":{"rendered":"<div class=\"paragraph--type--bp-columns-two-uneven__2col-column2\">\n<div class=\"paragraph paragraph--type--bp-simple paragraph--view-mode--default paragraph--id--16552\">\n<div class=\"paragraph__column\">\n<div class=\"clearfix text-formatted field field--name-bp-text field--type-text-long field--label-hidden field__item\">\n<p>Die j\u00e4hrliche Clusterkonferenz Energietechnik Berlin-Brandenburg hat sich als wichtige Veranstaltung der Energietechnikbranche der Hauptstadtregion etabliert.<\/p>\n<p>Auch wenn wir aufgrund der\u00a0COVID-19-Pandemie die diesj\u00e4hrige Konferenz nur digital durchf\u00fchren k\u00f6nnen, freuen wir uns darauf, Ihnen am 25. November 2021 die Trends der Energietechnik in Berlin-Brandenburg vorzustellen und mit Ihnen zu diskutieren.<\/p>\n<p>Neben einem\u00a0Hauptprogramm wird es wieder\u00a0die M\u00f6glichkeit geben, an\u00a0verschiedenen Workshops\u00a0teilzunehmen. Die Agenda und weitere Informationen folgen in K\u00fcrze.<\/p>\n<\/div>\n<p>Weitere Informationen zur Veranstaltung finden Sie <a href=\"https:\/\/energietechnik-bb.de\/de\/kalender\/clusterkonferenz-energietechnik-berlin-brandenburg-save-date\" target=\"_blank\" rel=\"noopener\">hier<\/a> (externer Link)<\/p>\n<\/div>\n<\/div>\n<\/div>\n","protected":false},"excerpt":{"rendered":"<p>Die j\u00e4hrliche Clusterkonferenz Energietechnik Berlin-Brandenburg hat sich als wichtige Veranstaltung der Energietechnikbranche der Hauptstadtregion etabliert. Auch wenn wir aufgrund der\u00a0COVID-19-Pandemie die diesj\u00e4hrige Konferenz nur digital durchf\u00fchren k\u00f6nnen, freuen wir uns [&hellip;]<\/p>\n","protected":false},"author":26,"featured_media":0,"comment_status":"closed","ping_status":"closed","template":"","meta":{"_et_pb_use_builder":"","_et_pb_old_content":"","_et_gb_content_width":"","_tribe_events_status":"","_tribe_events_status_reason":""},"tags":[],"tribe_events_cat":[],"_links":{"self":[{"href":"https:\/\/innohub13.de\/en\/wp-json\/wp\/v2\/tribe_events\/20113"}],"collection":[{"href":"https:\/\/innohub13.de\/en\/wp-json\/wp\/v2\/tribe_events"}],"about":[{"href":"https:\/\/innohub13.de\/en\/wp-json\/wp\/v2\/types\/tribe_events"}],"author":[{"embeddable":true,"href":"https:\/\/innohub13.de\/en\/wp-json\/wp\/v2\/users\/26"}],"replies":[{"embeddable":true,"href":"https:\/\/innohub13.de\/en\/wp-json\/wp\/v2\/comments?post=20113"}],"version-history":[{"count":1,"href":"https:\/\/innohub13.de\/en\/wp-json\/wp\/v2\/tribe_events\/20113\/revisions"}],"predecessor-version":[{"id":20114,"href":"https:\/\/innohub13.de\/en\/wp-json\/wp\/v2\/tribe_events\/20113\/revisions\/20114"}],"wp:attachment":[{"href":"https:\/\/innohub13.de\/en\/wp-json\/wp\/v2\/media?parent=20113"}],"wp:term":[{"taxonomy":"post_tag","embeddable":true,"href":"https:\/\/innohub13.de\/en\/wp-json\/wp\/v2\/tags?post=20113"},{"taxonomy":"tribe_events_cat","embeddable":true,"href":"https:\/\/innohub13.de\/en\/wp-json\/wp\/v2\/tribe_events_cat?post=20113"}],"curies":[{"name":"wp","href":"https:\/\/api.w.org\/{rel}","templated":true}]}}

<div class="paragraph--type--bp-columns-two-uneven__2col-column2">
<div class="paragraph paragraph--type--bp-simple paragraph--view-mode--default paragraph--id--16552">
<div class="paragraph__column">
<div class="clearfix text-formatted field field--name-bp-text field--type-text-long field--label-hidden field__item">
<p>Die jährliche Clusterkonferenz Energietechnik Berlin-Brandenburg hat sich als wichtige Veranstaltung der Energietechnikbranche der Hauptstadtregion etabliert.</p>
<p>Auch wenn wir aufgrund der COVID-19-Pandemie die diesjährige Konferenz nur digital durchführen können, freuen wir uns darauf, Ihnen am 25. November 2021 die Trends der Energietechnik in Berlin-Brandenburg vorzustellen und mit Ihnen zu diskutieren.</p>
<p>Neben einem Hauptprogramm wird es wieder die Möglichkeit geben, an verschiedenen Workshops teilzunehmen. Die Agenda und weitere Informationen folgen in Kürze.</p>
</div>
<p>Weitere Informationen zur Veranstaltung finden Sie <a href="https://energietechnik-bb.de/de/kalender/clusterkonferenz-energietechnik-berlin-brandenburg-save-date" target="_blank" rel="noopener">hier</a> (externer Link)</p>
</div>
</div>
</div>

<p>Die jährliche Clusterkonferenz Energietechnik Berlin-Brandenburg hat sich als wichtige Veranstaltung der Energietechnikbranche der Hauptstadtregion etabliert. Auch wenn wir aufgrund der COVID-19-Pandemie die diesjährige Konferenz nur digital durchführen können, freuen wir uns [&hellip;]</p>
