{"id":14567,"date":"2021-03-12T11:56:30","date_gmt":"2021-03-12T10:56:30","guid":{"rendered":"https:\/\/innohub13.de\/?post_type=tribe_events&#038;p=14567"},"modified":"2021-03-12T11:56:30","modified_gmt":"2021-03-12T10:56:30","slug":"bundesweiter-digitaltag","status":"publish","type":"tribe_events","link":"https:\/\/innohub13.de\/en\/event\/bundesweiter-digitaltag\/","title":{"rendered":"Bundesweiter Digitaltag"},"content":{"rendered":"<div class=\"widget gsc-heading  align-center style-1 text-dark \">\n<div class=\"heading-inner\">\n<h2 class=\"title\"><img loading=\"lazy\" class=\"alignleft\" src=\"https:\/\/digitaltag.eu\/sites\/default\/files\/2021-logo-digitaltag-200x60px.svg\" alt=\"Startseite\" width=\"200\" height=\"60\" \/><\/h2>\n<h2 class=\"title\">Digitalisierung gemeinsam gestalten<\/h2>\n<\/div>\n<div class=\"title-desc\">\n<p dir=\"ltr\">Wie wir uns informieren, wie wir einkaufen, lernen, miteinander kommunizieren, \u00e4rztlichen Rat einholen, oder Dienstleistungen der \u00f6ffentlichen Verwaltung in Anspruch nehmen \u2013 Digitalisierung ver\u00e4ndert unseren Alltag und unser Berufsleben tiefgreifend. Jede und Jeder muss in die Lage versetzt werden, sich souver\u00e4n und sicher, selbstbewusst und selbstbestimmt in der digitalen Welt zu bewegen.<\/p>\n<p dir=\"ltr\">Mit dem Ziel, digitale Teilhabe f\u00fcr alle zu f\u00f6rdern, haben sich 27 Organisationen in der Initiative \u00bbDigital f\u00fcr alle\u00ab zusammengeschlossen. Denn wir sind der Meinung: Nur gemeinsam k\u00f6nnen wir den digitalen Wandel gestalten.<\/p>\n<p dir=\"ltr\">Dazu haben wir den j\u00e4hrlich stattfindenden Digitaltag ins Leben gerufen. Mit zahlreichen Aktionen wollen wir die unterschiedlichen Aspekte der Digitalisierung beleuchten und gemeinsam diskutieren: \u00fcber Sorgen und \u00c4ngste, \u00fcber Chancen und Herausforderungen. Gemeinsam wollen wir Einblicke geben, Digitalisierung erlebbar und damit verst\u00e4ndlich machen.<\/p>\n<\/div>\n<\/div>\n<p dir=\"ltr\"><strong><br \/>\nInfo<\/strong>: Weitere Informationen zur Veranstaltung finden Sie <a href=\"https:\/\/digitaltag.eu\/\" target=\"_blank\" rel=\"noopener\">hier<\/a> (externer Link)<\/p>\n","protected":false},"excerpt":{"rendered":"<p>Digitalisierung gemeinsam gestalten Wie wir uns informieren, wie wir einkaufen, lernen, miteinander kommunizieren, \u00e4rztlichen Rat einholen, oder Dienstleistungen der \u00f6ffentlichen Verwaltung in Anspruch nehmen \u2013 Digitalisierung ver\u00e4ndert unseren Alltag und [&hellip;]<\/p>\n","protected":false},"author":26,"featured_media":0,"comment_status":"closed","ping_status":"closed","template":"","meta":{"_et_pb_use_builder":"","_et_pb_old_content":"","_et_gb_content_width":"","_tribe_events_status":"","_tribe_events_status_reason":""},"tags":[],"tribe_events_cat":[],"_links":{"self":[{"href":"https:\/\/innohub13.de\/en\/wp-json\/wp\/v2\/tribe_events\/14567"}],"collection":[{"href":"https:\/\/innohub13.de\/en\/wp-json\/wp\/v2\/tribe_events"}],"about":[{"href":"https:\/\/innohub13.de\/en\/wp-json\/wp\/v2\/types\/tribe_events"}],"author":[{"embeddable":true,"href":"https:\/\/innohub13.de\/en\/wp-json\/wp\/v2\/users\/26"}],"replies":[{"embeddable":true,"href":"https:\/\/innohub13.de\/en\/wp-json\/wp\/v2\/comments?post=14567"}],"version-history":[{"count":1,"href":"https:\/\/innohub13.de\/en\/wp-json\/wp\/v2\/tribe_events\/14567\/revisions"}],"predecessor-version":[{"id":14568,"href":"https:\/\/innohub13.de\/en\/wp-json\/wp\/v2\/tribe_events\/14567\/revisions\/14568"}],"wp:attachment":[{"href":"https:\/\/innohub13.de\/en\/wp-json\/wp\/v2\/media?parent=14567"}],"wp:term":[{"taxonomy":"post_tag","embeddable":true,"href":"https:\/\/innohub13.de\/en\/wp-json\/wp\/v2\/tags?post=14567"},{"taxonomy":"tribe_events_cat","embeddable":true,"href":"https:\/\/innohub13.de\/en\/wp-json\/wp\/v2\/tribe_events_cat?post=14567"}],"curies":[{"name":"wp","href":"https:\/\/api.w.org\/{rel}","templated":true}]}}

<div class="widget gsc-heading  align-center style-1 text-dark ">
<div class="heading-inner">
<h2 class="title"><img loading="lazy" class="alignleft" src="https://digitaltag.eu/sites/default/files/2021-logo-digitaltag-200x60px.svg" alt="Startseite" width="200" height="60" /></h2>
<h2 class="title">Digitalisierung gemeinsam gestalten</h2>
</div>
<div class="title-desc">
<p dir="ltr">Wie wir uns informieren, wie wir einkaufen, lernen, miteinander kommunizieren, ärztlichen Rat einholen, oder Dienstleistungen der öffentlichen Verwaltung in Anspruch nehmen – Digitalisierung verändert unseren Alltag und unser Berufsleben tiefgreifend. Jede und Jeder muss in die Lage versetzt werden, sich souverän und sicher, selbstbewusst und selbstbestimmt in der digitalen Welt zu bewegen.</p>
<p dir="ltr">Mit dem Ziel, digitale Teilhabe für alle zu fördern, haben sich 27 Organisationen in der Initiative »Digital für alle« zusammengeschlossen. Denn wir sind der Meinung: Nur gemeinsam können wir den digitalen Wandel gestalten.</p>
<p dir="ltr">Dazu haben wir den jährlich stattfindenden Digitaltag ins Leben gerufen. Mit zahlreichen Aktionen wollen wir die unterschiedlichen Aspekte der Digitalisierung beleuchten und gemeinsam diskutieren: über Sorgen und Ängste, über Chancen und Herausforderungen. Gemeinsam wollen wir Einblicke geben, Digitalisierung erlebbar und damit verständlich machen.</p>
</div>
</div>
<p dir="ltr"><strong><br />
Info</strong>: Weitere Informationen zur Veranstaltung finden Sie <a href="https://digitaltag.eu/" target="_blank" rel="noopener">hier</a> (externer Link)</p>

<p>Digitalisierung gemeinsam gestalten Wie wir uns informieren, wie wir einkaufen, lernen, miteinander kommunizieren, ärztlichen Rat einholen, oder Dienstleistungen der öffentlichen Verwaltung in Anspruch nehmen – Digitalisierung verändert unseren Alltag und [&hellip;]</p>
