{"id":14209,"date":"2021-02-09T15:51:13","date_gmt":"2021-02-09T14:51:13","guid":{"rendered":"https:\/\/innohub13.de\/?post_type=tribe_events&#038;p=14209"},"modified":"2021-02-09T15:53:08","modified_gmt":"2021-02-09T14:53:08","slug":"10-wissenschaftswoche-digital","status":"publish","type":"tribe_events","link":"https:\/\/innohub13.de\/en\/event\/10-wissenschaftswoche-digital\/","title":{"rendered":"10. Wissenschaftswoche &#8211; digital"},"content":{"rendered":"<div class=\"wrap-inner\">\n<div class=\"grid-m-12 grid-s-12\">\n<h2>10. Wissenschaftswoche #digital<\/h2>\n<\/div>\n<\/div>\n<div class=\"wrap-inner\">\n<div class=\"grid-m-12 grid-s-12\">\n<p class=\"text-justify\">Unter dem Motto <strong>&#8222;Forschen. Anwenden. Begreifen.&#8220;<\/strong> findet die 10. Wissenschaftswoche vom 08. bis 12. M\u00e4rz 2021 erstmalig #digital statt und ist gleichzeitig der Auftakt des Festjahres &#8222;30 Jahre Technische Hochschule Wildau&#8220;.<\/p>\n<p class=\"text-justify\">Neben spannenden Einblicken in die Historie der 30-j\u00e4hrigen Forschungs- und Transferaktivit\u00e4ten der TH Wildau pr\u00e4sentieren wir Ihnen in Konferenzen, Symposien, Fachtagungen und Workshops den aktuellen Stand angewandter und grundlagennaher Forschung zu relevanten Themen unserer Zeit. In virtuellen Laborrundg\u00e4ngen erhalten Sie zus\u00e4tzlich ganz bequem von Zuhause oder unterwegs direkten Zugang zu verschiedenen Forschungslaboren der TH Wildau und k\u00f6nnen sich darin umsehen. Weitere wissenschaftliche Kompetenzfelder unserer Hochschule pr\u00e4sentieren wir Ihnen in einer begleitenden digitalen Posterausstellung.<\/p>\n<p class=\"text-justify\">Die Wildauer Wissenschaftswoche richtet sich sowohl an Fachpublikum als auch an die interessierte \u00d6ffentlichkeit.<\/p>\n<p>Der Innovation Hub 13 unterst\u00fctzt bei der Organisation und Durchf\u00fchrung der Wissenschaftswoche.<\/p>\n<\/div>\n<a href='https:\/\/www.th-wildau.de\/wissenschaftswoche\/' class='small-button smallsilver' target=\"_blank\">Informationen &amp; Programm<\/a>\n<\/div>\n","protected":false},"excerpt":{"rendered":"<p>10. Wissenschaftswoche #digital Unter dem Motto &#8222;Forschen. Anwenden. Begreifen.&#8220; findet die 10. Wissenschaftswoche vom 08. bis 12. M\u00e4rz 2021 erstmalig #digital statt und ist gleichzeitig der Auftakt des Festjahres &#8222;30 [&hellip;]<\/p>\n","protected":false},"author":7,"featured_media":0,"comment_status":"closed","ping_status":"closed","template":"","meta":{"_et_pb_use_builder":"","_et_pb_old_content":"","_et_gb_content_width":"","_tribe_events_status":"","_tribe_events_status_reason":""},"tags":[],"tribe_events_cat":[],"_links":{"self":[{"href":"https:\/\/innohub13.de\/en\/wp-json\/wp\/v2\/tribe_events\/14209"}],"collection":[{"href":"https:\/\/innohub13.de\/en\/wp-json\/wp\/v2\/tribe_events"}],"about":[{"href":"https:\/\/innohub13.de\/en\/wp-json\/wp\/v2\/types\/tribe_events"}],"author":[{"embeddable":true,"href":"https:\/\/innohub13.de\/en\/wp-json\/wp\/v2\/users\/7"}],"replies":[{"embeddable":true,"href":"https:\/\/innohub13.de\/en\/wp-json\/wp\/v2\/comments?post=14209"}],"version-history":[{"count":3,"href":"https:\/\/innohub13.de\/en\/wp-json\/wp\/v2\/tribe_events\/14209\/revisions"}],"predecessor-version":[{"id":14212,"href":"https:\/\/innohub13.de\/en\/wp-json\/wp\/v2\/tribe_events\/14209\/revisions\/14212"}],"wp:attachment":[{"href":"https:\/\/innohub13.de\/en\/wp-json\/wp\/v2\/media?parent=14209"}],"wp:term":[{"taxonomy":"post_tag","embeddable":true,"href":"https:\/\/innohub13.de\/en\/wp-json\/wp\/v2\/tags?post=14209"},{"taxonomy":"tribe_events_cat","embeddable":true,"href":"https:\/\/innohub13.de\/en\/wp-json\/wp\/v2\/tribe_events_cat?post=14209"}],"curies":[{"name":"wp","href":"https:\/\/api.w.org\/{rel}","templated":true}]}}

<div class="wrap-inner">
<div class="grid-m-12 grid-s-12">
<h2>10. Wissenschaftswoche #digital</h2>
</div>
</div>
<div class="wrap-inner">
<div class="grid-m-12 grid-s-12">
<p class="text-justify">Unter dem Motto <strong>&#8222;Forschen. Anwenden. Begreifen.&#8220;</strong> findet die 10. Wissenschaftswoche vom 08. bis 12. März 2021 erstmalig #digital statt und ist gleichzeitig der Auftakt des Festjahres &#8222;30 Jahre Technische Hochschule Wildau&#8220;.</p>
<p class="text-justify">Neben spannenden Einblicken in die Historie der 30-jährigen Forschungs- und Transferaktivitäten der TH Wildau präsentieren wir Ihnen in Konferenzen, Symposien, Fachtagungen und Workshops den aktuellen Stand angewandter und grundlagennaher Forschung zu relevanten Themen unserer Zeit. In virtuellen Laborrundgängen erhalten Sie zusätzlich ganz bequem von Zuhause oder unterwegs direkten Zugang zu verschiedenen Forschungslaboren der TH Wildau und können sich darin umsehen. Weitere wissenschaftliche Kompetenzfelder unserer Hochschule präsentieren wir Ihnen in einer begleitenden digitalen Posterausstellung.</p>
<p class="text-justify">Die Wildauer Wissenschaftswoche richtet sich sowohl an Fachpublikum als auch an die interessierte Öffentlichkeit.</p>
<p>Der Innovation Hub 13 unterstützt bei der Organisation und Durchführung der Wissenschaftswoche.</p>
</div>
<a href='https://www.th-wildau.de/wissenschaftswoche/' class='small-button smallsilver' target="_blank">Informationen &amp; Programm</a>
</div>

<p>10. Wissenschaftswoche #digital Unter dem Motto &#8222;Forschen. Anwenden. Begreifen.&#8220; findet die 10. Wissenschaftswoche vom 08. bis 12. März 2021 erstmalig #digital statt und ist gleichzeitig der Auftakt des Festjahres &#8222;30 [&hellip;]</p>
