{"id":12100,"date":"2020-10-29T13:56:51","date_gmt":"2020-10-29T12:56:51","guid":{"rendered":"https:\/\/innohub13.de\/?post_type=tribe_events&#038;p=12100"},"modified":"2020-10-29T13:56:51","modified_gmt":"2020-10-29T12:56:51","slug":"clusterkonferenz-metall-2020","status":"publish","type":"tribe_events","link":"https:\/\/innohub13.de\/en\/event\/clusterkonferenz-metall-2020\/","title":{"rendered":"Clusterkonferenz Metall 2020"},"content":{"rendered":"<h4>Nachhaltigkeit in die Zukunft<\/h4>\n<p><strong>\u201eMit Nachhaltigkeit in die Zukunft\u201c<\/strong> ist das <strong>Leitthema<\/strong> der diesj\u00e4hrigen Clusterkonferenz Metall Brandenburg. Die Wirtschaftsf\u00f6rderung Brandenburg, die Branchennetzwerke profil.metall und ME-Netzwerk sowie die Landesarbeitsgemeinschaft der IHKs und der Handwerkskammertag Brandenburg freuen sich darauf, Sie vor Ort zu begr\u00fc\u00dfen und Ihnen den pers\u00f6nlichen Austausch zu erm\u00f6glichen.<\/p>\n<h4>Clusterkonferenz im virtuellen Format<\/h4>\n<p>Die aktuelle Entwicklung der Corona-Fallzahlen in Brandenburg insgesamt und das \u00dcberschreiten des Grenzwertes im Landkreis Oder-Spree sprechen gegen die Durchf\u00fchrung der 8. Clusterkonferenz Metall als Pr\u00e4senzveranstaltung. <strong>Daher haben wir uns entschieden, die Clusterkonferenz in diesem Jahr als virtuelle Konferenz durchzuf\u00fchren.\u00a0<\/strong><\/p>\n<p>&nbsp;<\/p>\n<p><strong>Achtung<\/strong>: Eine Anmeldung kann bis zum 30. Oktober erfolgen.<\/p>\n<p><strong>Sind Sie interessiert?<\/strong><br \/>\nWeitere Informationen zur Veranstaltung und zur Anmeldung finden Sie <a href=\"https:\/\/metall-brandenburg.de\/de\/kalender\/clusterkonferenz-metall-2020\" target=\"_blank\" rel=\"noopener noreferrer\">hier<\/a> (externer Link)<\/p>\n","protected":false},"excerpt":{"rendered":"<p>Nachhaltigkeit in die Zukunft \u201eMit Nachhaltigkeit in die Zukunft\u201c ist das Leitthema der diesj\u00e4hrigen Clusterkonferenz Metall Brandenburg. Die Wirtschaftsf\u00f6rderung Brandenburg, die Branchennetzwerke profil.metall und ME-Netzwerk sowie die Landesarbeitsgemeinschaft der IHKs [&hellip;]<\/p>\n","protected":false},"author":26,"featured_media":0,"comment_status":"closed","ping_status":"closed","template":"","meta":{"_et_pb_use_builder":"","_et_pb_old_content":"","_et_gb_content_width":"","_tribe_events_status":"","_tribe_events_status_reason":""},"tags":[],"tribe_events_cat":[],"_links":{"self":[{"href":"https:\/\/innohub13.de\/en\/wp-json\/wp\/v2\/tribe_events\/12100"}],"collection":[{"href":"https:\/\/innohub13.de\/en\/wp-json\/wp\/v2\/tribe_events"}],"about":[{"href":"https:\/\/innohub13.de\/en\/wp-json\/wp\/v2\/types\/tribe_events"}],"author":[{"embeddable":true,"href":"https:\/\/innohub13.de\/en\/wp-json\/wp\/v2\/users\/26"}],"replies":[{"embeddable":true,"href":"https:\/\/innohub13.de\/en\/wp-json\/wp\/v2\/comments?post=12100"}],"version-history":[{"count":1,"href":"https:\/\/innohub13.de\/en\/wp-json\/wp\/v2\/tribe_events\/12100\/revisions"}],"predecessor-version":[{"id":12101,"href":"https:\/\/innohub13.de\/en\/wp-json\/wp\/v2\/tribe_events\/12100\/revisions\/12101"}],"wp:attachment":[{"href":"https:\/\/innohub13.de\/en\/wp-json\/wp\/v2\/media?parent=12100"}],"wp:term":[{"taxonomy":"post_tag","embeddable":true,"href":"https:\/\/innohub13.de\/en\/wp-json\/wp\/v2\/tags?post=12100"},{"taxonomy":"tribe_events_cat","embeddable":true,"href":"https:\/\/innohub13.de\/en\/wp-json\/wp\/v2\/tribe_events_cat?post=12100"}],"curies":[{"name":"wp","href":"https:\/\/api.w.org\/{rel}","templated":true}]}}

<h4>Nachhaltigkeit in die Zukunft</h4>
<p><strong>„Mit Nachhaltigkeit in die Zukunft“</strong> ist das <strong>Leitthema</strong> der diesjährigen Clusterkonferenz Metall Brandenburg. Die Wirtschaftsförderung Brandenburg, die Branchennetzwerke profil.metall und ME-Netzwerk sowie die Landesarbeitsgemeinschaft der IHKs und der Handwerkskammertag Brandenburg freuen sich darauf, Sie vor Ort zu begrüßen und Ihnen den persönlichen Austausch zu ermöglichen.</p>
<h4>Clusterkonferenz im virtuellen Format</h4>
<p>Die aktuelle Entwicklung der Corona-Fallzahlen in Brandenburg insgesamt und das Überschreiten des Grenzwertes im Landkreis Oder-Spree sprechen gegen die Durchführung der 8. Clusterkonferenz Metall als Präsenzveranstaltung. <strong>Daher haben wir uns entschieden, die Clusterkonferenz in diesem Jahr als virtuelle Konferenz durchzuführen. </strong></p>
<p>&nbsp;</p>
<p><strong>Achtung</strong>: Eine Anmeldung kann bis zum 30. Oktober erfolgen.</p>
<p><strong>Sind Sie interessiert?</strong><br />
Weitere Informationen zur Veranstaltung und zur Anmeldung finden Sie <a href="https://metall-brandenburg.de/de/kalender/clusterkonferenz-metall-2020" target="_blank" rel="noopener noreferrer">hier</a> (externer Link)</p>

<p>Nachhaltigkeit in die Zukunft „Mit Nachhaltigkeit in die Zukunft“ ist das Leitthema der diesjährigen Clusterkonferenz Metall Brandenburg. Die Wirtschaftsförderung Brandenburg, die Branchennetzwerke profil.metall und ME-Netzwerk sowie die Landesarbeitsgemeinschaft der IHKs [&hellip;]</p>
