{"id":12095,"date":"2020-10-29T13:50:40","date_gmt":"2020-10-29T12:50:40","guid":{"rendered":"https:\/\/innohub13.de\/?post_type=tribe_events&#038;p=12095"},"modified":"2020-10-29T13:50:40","modified_gmt":"2020-10-29T12:50:40","slug":"vr-meetup-neues-format-ueber-moeglichkeiten-der-virtuellen-und-erweiterten-realitaet","status":"publish","type":"tribe_events","link":"https:\/\/innohub13.de\/en\/event\/vr-meetup-neues-format-ueber-moeglichkeiten-der-virtuellen-und-erweiterten-realitaet\/","title":{"rendered":"VR Meetup \u2013 Neues Format \u00fcber M\u00f6glichkeiten der virtuellen und erweiterten Realit\u00e4t"},"content":{"rendered":"<div class=\"et_pb_column et_pb_column_4_4 et_pb_column_0  et_pb_css_mix_blend_mode_passthrough et-last-child\">\n<div class=\"et_pb_module et_pb_text et_pb_text_0  et_pb_text_align_left et_pb_bg_layout_light\">\n<div class=\"et_pb_text_inner\">\n<p><strong><a href=\"https:\/\/innosued.de\/\" target=\"_blank\" rel=\"noopener noreferrer\"><img loading=\"lazy\" class=\"transparent alignleft\" src=\"https:\/\/innosued.de\/wp-content\/uploads\/2019\/03\/Animation-Logo-Innosued-2.gif\" alt=\"https:\/\/innosued.de\/wp-content\/uploads\/2019\/03\/Animation-Logo-Innosued-2.gif\" width=\"134\" height=\"107\" \/><\/a>Virtuelle und erweiterte Realit\u00e4t haben das Potenzial, unser t\u00e4gliches Leben grundlegend zu ver\u00e4ndern \u2013 von der Art und Weise, wie wir unsere Freizeit verbringen, bis hin zu den M\u00f6glichkeiten, wie wir arbeiten. Virtuelle Welten, Online-Communities, E-Commerce, Bildungsprogramme und viele weitere Errungenschaften der modernen Technologie sind bereits vollst\u00e4ndig in unser Leben integriert. Beim virtuellen VR Meetup am 4. November bieten das Institut f\u00fcr digitale Transformation und das InnoS\u00dcD-Teilprojekt \u201eVirtuelle und augmentierte digitale Transformation\u201c der Hochschule Neu-Ulm Interessierten die Gelegenheit, Anwendungsideen der neuen Technologien zu erleben.\u00a0\u00a0 <\/strong><\/p>\n<p>Das VR Meetup-Event richtet sich an alle, die auch das enorme Potenzial von VR und AR sehen und neue M\u00f6glichkeiten f\u00fcr ihren Betrieb suchen. Willkommen sind Entwickler*innen, Designer*innen und Unternehmer*innen ebenso wie Fans der erweiterten Realit\u00e4t. Dem ersten Meetup sollen regelm\u00e4\u00dfige Veranstaltungen mit Vortr\u00e4gen, Demos und Networking folgen.<\/p>\n<p>Den Auftakt bilden Impulsvortr\u00e4ge folgender Expert*innen:<\/p>\n<ul>\n<li>Manfred Plechaty, Professor f\u00fcr Informationsmanagement Automotive und Direktor am Institut f\u00fcr Digitale Transformation<\/li>\n<li>S\u00f6nke Dierking, WE are XR GmbH, \u00fcber neue M\u00f6glichkeiten der xtended Reality f\u00fcr KMU<\/li>\n<li>Dr. Ulrich H\u00e4fner von IMSYS: Virtuelle Welten sp\u00fcrbar machen \u2013 die n\u00e4chste Ebene der digitalen Videokonferenz<\/li>\n<li>Adrian Drewes \u2013 Archicave, \u00fcber die Vorteile der VR-Cave f\u00fcr BIM &amp; Co.<\/li>\n<li>Benedikt Engelhard \u2013 Cykyria VR, \u00fcber\u00a0Education und Training mit\u00a0Virtual\u00a0Reality<\/li>\n<li>\u00dcnsal Mutlu \/ Enis Jashanica, HNU, \u00fcber eine Augmented Reality App f\u00fcr das Studium von morgen<\/li>\n<\/ul>\n<p><strong>Sind Sie interessiert?<\/strong><br \/>\nWeitere Informationen zur Veranstaltung und Anmeldung finden Sie <a href=\"https:\/\/innosued.de\/vr-meetup\/\" target=\"_blank\" rel=\"noopener noreferrer\">hier<\/a> (externer Link)<\/p>\n<\/div>\n<\/div>\n<\/div>\n","protected":false},"excerpt":{"rendered":"<p>Virtuelle und erweiterte Realit\u00e4t haben das Potenzial, unser t\u00e4gliches Leben grundlegend zu ver\u00e4ndern \u2013 von der Art und Weise, wie wir unsere Freizeit verbringen, bis hin zu den M\u00f6glichkeiten, wie [&hellip;]<\/p>\n","protected":false},"author":26,"featured_media":0,"comment_status":"closed","ping_status":"closed","template":"","meta":{"_et_pb_use_builder":"","_et_pb_old_content":"","_et_gb_content_width":"","_tribe_events_status":"","_tribe_events_status_reason":""},"tags":[],"tribe_events_cat":[],"_links":{"self":[{"href":"https:\/\/innohub13.de\/en\/wp-json\/wp\/v2\/tribe_events\/12095"}],"collection":[{"href":"https:\/\/innohub13.de\/en\/wp-json\/wp\/v2\/tribe_events"}],"about":[{"href":"https:\/\/innohub13.de\/en\/wp-json\/wp\/v2\/types\/tribe_events"}],"author":[{"embeddable":true,"href":"https:\/\/innohub13.de\/en\/wp-json\/wp\/v2\/users\/26"}],"replies":[{"embeddable":true,"href":"https:\/\/innohub13.de\/en\/wp-json\/wp\/v2\/comments?post=12095"}],"version-history":[{"count":1,"href":"https:\/\/innohub13.de\/en\/wp-json\/wp\/v2\/tribe_events\/12095\/revisions"}],"predecessor-version":[{"id":12096,"href":"https:\/\/innohub13.de\/en\/wp-json\/wp\/v2\/tribe_events\/12095\/revisions\/12096"}],"wp:attachment":[{"href":"https:\/\/innohub13.de\/en\/wp-json\/wp\/v2\/media?parent=12095"}],"wp:term":[{"taxonomy":"post_tag","embeddable":true,"href":"https:\/\/innohub13.de\/en\/wp-json\/wp\/v2\/tags?post=12095"},{"taxonomy":"tribe_events_cat","embeddable":true,"href":"https:\/\/innohub13.de\/en\/wp-json\/wp\/v2\/tribe_events_cat?post=12095"}],"curies":[{"name":"wp","href":"https:\/\/api.w.org\/{rel}","templated":true}]}}

VR Meetup – Neues Format über Möglichkeiten der virtuellen und erweiterten Realität

<div class="et_pb_column et_pb_column_4_4 et_pb_column_0  et_pb_css_mix_blend_mode_passthrough et-last-child">
<div class="et_pb_module et_pb_text et_pb_text_0  et_pb_text_align_left et_pb_bg_layout_light">
<div class="et_pb_text_inner">
<p><strong><a href="https://innosued.de/" target="_blank" rel="noopener noreferrer"><img loading="lazy" class="transparent alignleft" src="https://innosued.de/wp-content/uploads/2019/03/Animation-Logo-Innosued-2.gif" alt="https://innosued.de/wp-content/uploads/2019/03/Animation-Logo-Innosued-2.gif" width="134" height="107" /></a>Virtuelle und erweiterte Realität haben das Potenzial, unser tägliches Leben grundlegend zu verändern – von der Art und Weise, wie wir unsere Freizeit verbringen, bis hin zu den Möglichkeiten, wie wir arbeiten. Virtuelle Welten, Online-Communities, E-Commerce, Bildungsprogramme und viele weitere Errungenschaften der modernen Technologie sind bereits vollständig in unser Leben integriert. Beim virtuellen VR Meetup am 4. November bieten das Institut für digitale Transformation und das InnoSÜD-Teilprojekt „Virtuelle und augmentierte digitale Transformation“ der Hochschule Neu-Ulm Interessierten die Gelegenheit, Anwendungsideen der neuen Technologien zu erleben.   </strong></p>
<p>Das VR Meetup-Event richtet sich an alle, die auch das enorme Potenzial von VR und AR sehen und neue Möglichkeiten für ihren Betrieb suchen. Willkommen sind Entwickler*innen, Designer*innen und Unternehmer*innen ebenso wie Fans der erweiterten Realität. Dem ersten Meetup sollen regelmäßige Veranstaltungen mit Vorträgen, Demos und Networking folgen.</p>
<p>Den Auftakt bilden Impulsvorträge folgender Expert*innen:</p>
<ul>
<li>Manfred Plechaty, Professor für Informationsmanagement Automotive und Direktor am Institut für Digitale Transformation</li>
<li>Sönke Dierking, WE are XR GmbH, über neue Möglichkeiten der xtended Reality für KMU</li>
<li>Dr. Ulrich Häfner von IMSYS: Virtuelle Welten spürbar machen – die nächste Ebene der digitalen Videokonferenz</li>
<li>Adrian Drewes – Archicave, über die Vorteile der VR-Cave für BIM &amp; Co.</li>
<li>Benedikt Engelhard – Cykyria VR, über Education und Training mit Virtual Reality</li>
<li>Ünsal Mutlu / Enis Jashanica, HNU, über eine Augmented Reality App für das Studium von morgen</li>
</ul>
<p><strong>Sind Sie interessiert?</strong><br />
Weitere Informationen zur Veranstaltung und Anmeldung finden Sie <a href="https://innosued.de/vr-meetup/" target="_blank" rel="noopener noreferrer">hier</a> (externer Link)</p>
</div>
</div>
</div>

<p>Virtuelle und erweiterte Realität haben das Potenzial, unser tägliches Leben grundlegend zu verändern – von der Art und Weise, wie wir unsere Freizeit verbringen, bis hin zu den Möglichkeiten, wie [&hellip;]</p>
