{"id":12092,"date":"2020-10-29T13:46:13","date_gmt":"2020-10-29T12:46:13","guid":{"rendered":"https:\/\/innohub13.de\/?post_type=tribe_events&#038;p=12092"},"modified":"2020-10-29T13:46:13","modified_gmt":"2020-10-29T12:46:13","slug":"online-vortragsreihe-nachhaltiges-modernes-leben","status":"publish","type":"tribe_events","link":"https:\/\/innohub13.de\/en\/event\/online-vortragsreihe-nachhaltiges-modernes-leben\/","title":{"rendered":"Online-Vortragsreihe \u201eNachhaltiges modernes Leben\u201c"},"content":{"rendered":"<p><strong>Start der Vortragsreihe im Wintersemester 2020\/21<\/strong><\/p>\n<p>Die Ringvorlesung \u201eNachhaltiges modernes Leben \u2013 Chancen und Herausforderungen\u201c widmet sich der Fragestellung nach einem modernen, nachhaltigen Leben aus verschiedenen Perspektiven und stellt Konzepte aus den Bereichen Digitale Transformation, Innovative Mobilit\u00e4t, Nachhaltige Entwicklung und B\u00fcrgerschaftliches Engagement vor. In neun Terminen wird ein spannender und vielf\u00e4ltiger Einblick geboten.<\/p>\n<p>Die Themen spannen einen Bogen von der Entwicklung K\u00fcnstlicher Intelligenz (KI) \u00fcber nachhaltige Mobilit\u00e4t und Digitalisierung der Arbeitswelt hin zu nachhaltiger Sozialit\u00e4t. Es referieren Professoren und wissenschaftliche Mitarbeiter, die im Rahmen des Projekts \u201eMensch in Bewegung\u201c zu diesen Fragestellungen forschen.<\/p>\n<p>Die Veranstaltungsreihe startet am 05.11.2020 um 18.30 Uhr mit einem Vortrag von Prof. Dr. Christian Stummeyer zum Thema \u201eDie Zeitreise der K\u00fcnstlichen Intelligenz\u201c.<\/p>\n<p>&nbsp;<\/p>\n<p>Und, sind Sie interessiert?<br \/>\nWeitere Informationen zur Veranstaltung und zur Anmeldung finden Sie <a href=\"https:\/\/mensch-in-bewegung.info\/event\/ringvorlesung-nachhaltiges-modernes-leben\/\" target=\"_blank\" rel=\"noopener noreferrer\">hier<\/a> (externer Link)<\/p>\n","protected":false},"excerpt":{"rendered":"<p>Start der Vortragsreihe im Wintersemester 2020\/21 Die Ringvorlesung \u201eNachhaltiges modernes Leben \u2013 Chancen und Herausforderungen\u201c widmet sich der Fragestellung nach einem modernen, nachhaltigen Leben aus verschiedenen Perspektiven und stellt Konzepte [&hellip;]<\/p>\n","protected":false},"author":26,"featured_media":0,"comment_status":"closed","ping_status":"closed","template":"","meta":{"_et_pb_use_builder":"","_et_pb_old_content":"","_et_gb_content_width":"","_tribe_events_status":"","_tribe_events_status_reason":""},"tags":[],"tribe_events_cat":[],"_links":{"self":[{"href":"https:\/\/innohub13.de\/en\/wp-json\/wp\/v2\/tribe_events\/12092"}],"collection":[{"href":"https:\/\/innohub13.de\/en\/wp-json\/wp\/v2\/tribe_events"}],"about":[{"href":"https:\/\/innohub13.de\/en\/wp-json\/wp\/v2\/types\/tribe_events"}],"author":[{"embeddable":true,"href":"https:\/\/innohub13.de\/en\/wp-json\/wp\/v2\/users\/26"}],"replies":[{"embeddable":true,"href":"https:\/\/innohub13.de\/en\/wp-json\/wp\/v2\/comments?post=12092"}],"version-history":[{"count":1,"href":"https:\/\/innohub13.de\/en\/wp-json\/wp\/v2\/tribe_events\/12092\/revisions"}],"predecessor-version":[{"id":12093,"href":"https:\/\/innohub13.de\/en\/wp-json\/wp\/v2\/tribe_events\/12092\/revisions\/12093"}],"wp:attachment":[{"href":"https:\/\/innohub13.de\/en\/wp-json\/wp\/v2\/media?parent=12092"}],"wp:term":[{"taxonomy":"post_tag","embeddable":true,"href":"https:\/\/innohub13.de\/en\/wp-json\/wp\/v2\/tags?post=12092"},{"taxonomy":"tribe_events_cat","embeddable":true,"href":"https:\/\/innohub13.de\/en\/wp-json\/wp\/v2\/tribe_events_cat?post=12092"}],"curies":[{"name":"wp","href":"https:\/\/api.w.org\/{rel}","templated":true}]}}

<p><strong>Start der Vortragsreihe im Wintersemester 2020/21</strong></p>
<p>Die Ringvorlesung „Nachhaltiges modernes Leben – Chancen und Herausforderungen“ widmet sich der Fragestellung nach einem modernen, nachhaltigen Leben aus verschiedenen Perspektiven und stellt Konzepte aus den Bereichen Digitale Transformation, Innovative Mobilität, Nachhaltige Entwicklung und Bürgerschaftliches Engagement vor. In neun Terminen wird ein spannender und vielfältiger Einblick geboten.</p>
<p>Die Themen spannen einen Bogen von der Entwicklung Künstlicher Intelligenz (KI) über nachhaltige Mobilität und Digitalisierung der Arbeitswelt hin zu nachhaltiger Sozialität. Es referieren Professoren und wissenschaftliche Mitarbeiter, die im Rahmen des Projekts „Mensch in Bewegung“ zu diesen Fragestellungen forschen.</p>
<p>Die Veranstaltungsreihe startet am 05.11.2020 um 18.30 Uhr mit einem Vortrag von Prof. Dr. Christian Stummeyer zum Thema „Die Zeitreise der Künstlichen Intelligenz“.</p>
<p>&nbsp;</p>
<p>Und, sind Sie interessiert?<br />
Weitere Informationen zur Veranstaltung und zur Anmeldung finden Sie <a href="https://mensch-in-bewegung.info/event/ringvorlesung-nachhaltiges-modernes-leben/" target="_blank" rel="noopener noreferrer">hier</a> (externer Link)</p>
