{"id":11098,"date":"2020-09-17T11:01:37","date_gmt":"2020-09-17T09:01:37","guid":{"rendered":"https:\/\/innohub13.de\/?post_type=tribe_events&#038;p=11098"},"modified":"2020-09-17T11:01:37","modified_gmt":"2020-09-17T09:01:37","slug":"wissenswerte-konferenz-fuer-den-wissenschaftsjournalismus","status":"publish","type":"tribe_events","link":"https:\/\/innohub13.de\/en\/event\/wissenswerte-konferenz-fuer-den-wissenschaftsjournalismus\/","title":{"rendered":"WISSENSWERTE:  Konferenz f\u00fcr den Wissenschaftsjournalismus"},"content":{"rendered":"<h1><a href=\"https:\/\/wissenswerte-bremen.de\/austragungsort2020\/\" target=\"_blank\" rel=\"noopener noreferrer\"><img class=\"logo-main scale-with-grid svg alignleft\" src=\"https:\/\/wissenswerte-bremen.de\/wp-content\/uploads\/2020\/01\/WissensWerte_Freiburg_Logo_2020.jpg\" alt=\"WissensWerte_Freiburg_Logo_2020\" width=\"300\" data-retina=\"https:\/\/wissenswerte-bremen.de\/wp-content\/uploads\/2020\/01\/WissensWerte_Freiburg_Logo_2020.jpg\" data-height=\"833\" data-no-retina=\"\" \/><\/a><\/h1>\n<h1>WISSENSWERTE: Konferenz f\u00fcr den Wissenschaftsjournalismus<\/h1>\n<p>Die WISSENSWERTE feierte 2004 ihre Premiere. Sie ist eine Eigenveranstaltung der MESSE BREMEN und gilt als die wichtigste Konferenz f\u00fcr den Wissenschaftsjournalismus in Deutschland.<br \/>\nDas Dialogforum tagt regelm\u00e4\u00dfig ausw\u00e4rts.<\/p>\n<p>Austragungsort f\u00fcr die WISSENSWERTE 2020 ist Freiburg. Der Termin steht bereits fest: Montag bis Mittwoch, 30. November bis 2. Dezember.<br \/>\nMit Freiburg hat das Dialogforum im kommenden Jahr ihr bisher s\u00fcdlichstes Ausw\u00e4rtsspiel \u2013 nach Magdeburg in 2014 und Darmstadt in 2017. Mit insgesamt 5 Hochschulen,<br \/>\n30 Zentren und 20 Instituten bietet die Stadt die ideale Voraussetzung: eine aktive Wissenschaftsszene.<\/p>\n<p>Die Veranstaltung wird<strong> vor Ort<\/strong> unter Einhaltung der Corona-Verordnung stattfinden.<\/p>\n<p>Weitere Informationen zur Veranstaltung und Anmeldung finden Sie <a href=\"https:\/\/wissenswerte-bremen.de\/austragungsort2020\/\" target=\"_blank\" rel=\"noopener noreferrer\">hier<\/a> (externer Link)<\/p>\n","protected":false},"excerpt":{"rendered":"<p>WISSENSWERTE: Konferenz f\u00fcr den Wissenschaftsjournalismus Die WISSENSWERTE feierte 2004 ihre Premiere. Sie ist eine Eigenveranstaltung der MESSE BREMEN und gilt als die wichtigste Konferenz f\u00fcr den Wissenschaftsjournalismus in Deutschland. Das [&hellip;]<\/p>\n","protected":false},"author":26,"featured_media":0,"comment_status":"closed","ping_status":"closed","template":"","meta":{"_et_pb_use_builder":"","_et_pb_old_content":"","_et_gb_content_width":"","_tribe_events_status":"","_tribe_events_status_reason":""},"tags":[],"tribe_events_cat":[],"_links":{"self":[{"href":"https:\/\/innohub13.de\/en\/wp-json\/wp\/v2\/tribe_events\/11098"}],"collection":[{"href":"https:\/\/innohub13.de\/en\/wp-json\/wp\/v2\/tribe_events"}],"about":[{"href":"https:\/\/innohub13.de\/en\/wp-json\/wp\/v2\/types\/tribe_events"}],"author":[{"embeddable":true,"href":"https:\/\/innohub13.de\/en\/wp-json\/wp\/v2\/users\/26"}],"replies":[{"embeddable":true,"href":"https:\/\/innohub13.de\/en\/wp-json\/wp\/v2\/comments?post=11098"}],"version-history":[{"count":3,"href":"https:\/\/innohub13.de\/en\/wp-json\/wp\/v2\/tribe_events\/11098\/revisions"}],"predecessor-version":[{"id":11105,"href":"https:\/\/innohub13.de\/en\/wp-json\/wp\/v2\/tribe_events\/11098\/revisions\/11105"}],"wp:attachment":[{"href":"https:\/\/innohub13.de\/en\/wp-json\/wp\/v2\/media?parent=11098"}],"wp:term":[{"taxonomy":"post_tag","embeddable":true,"href":"https:\/\/innohub13.de\/en\/wp-json\/wp\/v2\/tags?post=11098"},{"taxonomy":"tribe_events_cat","embeddable":true,"href":"https:\/\/innohub13.de\/en\/wp-json\/wp\/v2\/tribe_events_cat?post=11098"}],"curies":[{"name":"wp","href":"https:\/\/api.w.org\/{rel}","templated":true}]}}

WISSENSWERTE:  Konferenz für den Wissenschaftsjournalismus

<h1><a href="https://wissenswerte-bremen.de/austragungsort2020/" target="_blank" rel="noopener noreferrer"><img class="logo-main scale-with-grid svg alignleft" src="https://wissenswerte-bremen.de/wp-content/uploads/2020/01/WissensWerte_Freiburg_Logo_2020.jpg" alt="WissensWerte_Freiburg_Logo_2020" width="300" data-retina="https://wissenswerte-bremen.de/wp-content/uploads/2020/01/WissensWerte_Freiburg_Logo_2020.jpg" data-height="833" data-no-retina="" /></a></h1>
<h1>WISSENSWERTE: Konferenz für den Wissenschaftsjournalismus</h1>
<p>Die WISSENSWERTE feierte 2004 ihre Premiere. Sie ist eine Eigenveranstaltung der MESSE BREMEN und gilt als die wichtigste Konferenz für den Wissenschaftsjournalismus in Deutschland.<br />
Das Dialogforum tagt regelmäßig auswärts.</p>
<p>Austragungsort für die WISSENSWERTE 2020 ist Freiburg. Der Termin steht bereits fest: Montag bis Mittwoch, 30. November bis 2. Dezember.<br />
Mit Freiburg hat das Dialogforum im kommenden Jahr ihr bisher südlichstes Auswärtsspiel – nach Magdeburg in 2014 und Darmstadt in 2017. Mit insgesamt 5 Hochschulen,<br />
30 Zentren und 20 Instituten bietet die Stadt die ideale Voraussetzung: eine aktive Wissenschaftsszene.</p>
<p>Die Veranstaltung wird<strong> vor Ort</strong> unter Einhaltung der Corona-Verordnung stattfinden.</p>
<p>Weitere Informationen zur Veranstaltung und Anmeldung finden Sie <a href="https://wissenswerte-bremen.de/austragungsort2020/" target="_blank" rel="noopener noreferrer">hier</a> (externer Link)</p>

<p>WISSENSWERTE: Konferenz für den Wissenschaftsjournalismus Die WISSENSWERTE feierte 2004 ihre Premiere. Sie ist eine Eigenveranstaltung der MESSE BREMEN und gilt als die wichtigste Konferenz für den Wissenschaftsjournalismus in Deutschland. Das [&hellip;]</p>
