{"id":10553,"date":"2020-09-03T12:10:17","date_gmt":"2020-09-03T10:10:17","guid":{"rendered":"https:\/\/innohub13.de\/?post_type=tribe_events&#038;p=10553"},"modified":"2020-09-03T12:10:17","modified_gmt":"2020-09-03T10:10:17","slug":"cross-cluster-camp-2020-digital-edition","status":"publish","type":"tribe_events","link":"https:\/\/innohub13.de\/en\/event\/cross-cluster-camp-2020-digital-edition\/","title":{"rendered":"Cross-Cluster-Camp 2020 \/\/ digital edition"},"content":{"rendered":"<h1><a href=\"https:\/\/crossclustercamp2020.b2match.io\/\"><strong><img loading=\"lazy\" class=\"transparent alignleft\" src=\"https:\/\/prod5.assets-cdn.io\/event\/5252\/assets\/8403808087-c3a729da8b.png\" alt=\"https:\/\/prod5.assets-cdn.io\/event\/5252\/assets\/8403808087-c3a729da8b.png\" width=\"300\" height=\"120\" \/><\/strong><\/a><\/h1>\n<h1><strong>Cross-Cluster-Camp<\/strong><\/h1>\n<h2>Vernetzt.Zukunft.Gestalten.<\/h2>\n<p>Wirklich Gro\u00dfartiges entsteht nicht in der eigenen Komfortzone. Vielmehr sind es Perspektivwechsel, die neue Ideen, Ver\u00e4nderung und Entwicklung erst m\u00f6glich machen.<\/p>\n<p>Zu diesen Perspektivwechseln laden wir Sie als Unternehmer*innen, Wissenschaftler*innen, Forscher*innen, Selbstst\u00e4ndige oder Freischaffende herzlich ein.<\/p>\n<p>Das Cross-Cluster-Camp, das in diesem Jahr als virtueller Event stattfindet, ist eine Plattform zum Querdenken, Netzwerken, fachlichen Austausch\u00a0und f\u00fcr innovative Ans\u00e4tze.<br \/>\nEs ist f\u00fcr Menschen mit offenem Mindset, die sich mit anderen\u00a0austauschen, um eigene Ideen zu hinterfragen und zu bereichern,<br \/>\nneue Gesch\u00e4ftsmodelle zu entwickeln oder erfolgversprechende Kooperationen zu initiieren.<\/p>\n<p><strong>Seien Sie am 8. Oktober 2020, ab 9:30 Uhr, dabei!<\/strong><\/p>\n<ul>\n<li>Kn\u00fcpfen Sie wertvolle Kontakte zu Impulsgeber*innen, Vordenker*innen und innovativen K\u00f6pfen aus Brandenburg und Berlin.<\/li>\n<li>Lernen Sie neue Blickwinkel und Herangehensweisen kennen.<\/li>\n<li>Geben und erhalten Sie konstruktives Feedback auf Projekte und Entwicklungen.<\/li>\n<li>Tauschen Sie sich in interaktiven Formaten mit anderen Teilnehmenden und Referent*innen aus.<\/li>\n<\/ul>\n<p>&nbsp;<\/p>\n<p>Wir freuen uns auf Sie!<\/p>\n<p>Weitere Informationen zur Veranstaltung finden Sie <a href=\"https:\/\/crossclustercamp2020.b2match.io\/\" target=\"_blank\" rel=\"noopener noreferrer\">hier<\/a> (externer Link)<\/p>\n","protected":false},"excerpt":{"rendered":"<p>Cross-Cluster-Camp Vernetzt.Zukunft.Gestalten. Wirklich Gro\u00dfartiges entsteht nicht in der eigenen Komfortzone. Vielmehr sind es Perspektivwechsel, die neue Ideen, Ver\u00e4nderung und Entwicklung erst m\u00f6glich machen. Zu diesen Perspektivwechseln laden wir Sie als [&hellip;]<\/p>\n","protected":false},"author":26,"featured_media":0,"comment_status":"closed","ping_status":"closed","template":"","meta":{"_et_pb_use_builder":"","_et_pb_old_content":"","_et_gb_content_width":"","_tribe_events_status":"","_tribe_events_status_reason":""},"tags":[],"tribe_events_cat":[],"_links":{"self":[{"href":"https:\/\/innohub13.de\/en\/wp-json\/wp\/v2\/tribe_events\/10553"}],"collection":[{"href":"https:\/\/innohub13.de\/en\/wp-json\/wp\/v2\/tribe_events"}],"about":[{"href":"https:\/\/innohub13.de\/en\/wp-json\/wp\/v2\/types\/tribe_events"}],"author":[{"embeddable":true,"href":"https:\/\/innohub13.de\/en\/wp-json\/wp\/v2\/users\/26"}],"replies":[{"embeddable":true,"href":"https:\/\/innohub13.de\/en\/wp-json\/wp\/v2\/comments?post=10553"}],"version-history":[{"count":1,"href":"https:\/\/innohub13.de\/en\/wp-json\/wp\/v2\/tribe_events\/10553\/revisions"}],"predecessor-version":[{"id":10554,"href":"https:\/\/innohub13.de\/en\/wp-json\/wp\/v2\/tribe_events\/10553\/revisions\/10554"}],"wp:attachment":[{"href":"https:\/\/innohub13.de\/en\/wp-json\/wp\/v2\/media?parent=10553"}],"wp:term":[{"taxonomy":"post_tag","embeddable":true,"href":"https:\/\/innohub13.de\/en\/wp-json\/wp\/v2\/tags?post=10553"},{"taxonomy":"tribe_events_cat","embeddable":true,"href":"https:\/\/innohub13.de\/en\/wp-json\/wp\/v2\/tribe_events_cat?post=10553"}],"curies":[{"name":"wp","href":"https:\/\/api.w.org\/{rel}","templated":true}]}}

<h1><a href="https://crossclustercamp2020.b2match.io/"><strong><img loading="lazy" class="transparent alignleft" src="https://prod5.assets-cdn.io/event/5252/assets/8403808087-c3a729da8b.png" alt="https://prod5.assets-cdn.io/event/5252/assets/8403808087-c3a729da8b.png" width="300" height="120" /></strong></a></h1>
<h1><strong>Cross-Cluster-Camp</strong></h1>
<h2>Vernetzt.Zukunft.Gestalten.</h2>
<p>Wirklich Großartiges entsteht nicht in der eigenen Komfortzone. Vielmehr sind es Perspektivwechsel, die neue Ideen, Veränderung und Entwicklung erst möglich machen.</p>
<p>Zu diesen Perspektivwechseln laden wir Sie als Unternehmer*innen, Wissenschaftler*innen, Forscher*innen, Selbstständige oder Freischaffende herzlich ein.</p>
<p>Das Cross-Cluster-Camp, das in diesem Jahr als virtueller Event stattfindet, ist eine Plattform zum Querdenken, Netzwerken, fachlichen Austausch und für innovative Ansätze.<br />
Es ist für Menschen mit offenem Mindset, die sich mit anderen austauschen, um eigene Ideen zu hinterfragen und zu bereichern,<br />
neue Geschäftsmodelle zu entwickeln oder erfolgversprechende Kooperationen zu initiieren.</p>
<p><strong>Seien Sie am 8. Oktober 2020, ab 9:30 Uhr, dabei!</strong></p>
<ul>
<li>Knüpfen Sie wertvolle Kontakte zu Impulsgeber*innen, Vordenker*innen und innovativen Köpfen aus Brandenburg und Berlin.</li>
<li>Lernen Sie neue Blickwinkel und Herangehensweisen kennen.</li>
<li>Geben und erhalten Sie konstruktives Feedback auf Projekte und Entwicklungen.</li>
<li>Tauschen Sie sich in interaktiven Formaten mit anderen Teilnehmenden und Referent*innen aus.</li>
</ul>
<p>&nbsp;</p>
<p>Wir freuen uns auf Sie!</p>
<p>Weitere Informationen zur Veranstaltung finden Sie <a href="https://crossclustercamp2020.b2match.io/" target="_blank" rel="noopener noreferrer">hier</a> (externer Link)</p>

<p>Cross-Cluster-Camp Vernetzt.Zukunft.Gestalten. Wirklich Großartiges entsteht nicht in der eigenen Komfortzone. Vielmehr sind es Perspektivwechsel, die neue Ideen, Veränderung und Entwicklung erst möglich machen. Zu diesen Perspektivwechseln laden wir Sie als [&hellip;]</p>
